{"id":125,"date":"2022-06-27T17:00:15","date_gmt":"2022-06-27T15:00:15","guid":{"rendered":"https:\/\/lafabriquedagathe.fr\/?page_id=125"},"modified":"2022-09-19T14:46:08","modified_gmt":"2022-09-19T12:46:08","slug":"cgv","status":"publish","type":"page","link":"https:\/\/lafabriquedagathe.fr\/index.php\/cgv\/","title":{"rendered":"Conditions G\u00e9n\u00e9rales de ventes"},"content":{"rendered":"\n<h2 class=\"wp-block-heading\">Mention l\u00e9gale du vendeur<\/h2>\n\n\n\n<p>La Fabrique d&rsquo;Agathe est une auto-entreprise enregistr\u00e9e \u00e0 la Chambre des m\u00e9tiers et de l&rsquo;Artisanat de l&rsquo;Ain dont le si\u00e8ge social se trouve au 701 rue de la fruiti\u00e8re 01410 Champformier. <\/p>\n\n\n\n<p>Num\u00e9ro de Siret est 87811214300010.  Auto-entreprise non assujettis \u00e0 la TVA.<\/p>\n\n\n\n<p>Les conditions g\u00e9n\u00e9rales de ventes ci-dessous concernent tout achat r\u00e9alis\u00e9 sur le site internet : www.lafabriquedagathe.fr, site g\u00e9r\u00e9 par Agathe Bornet d\u00e9nomm\u00e9e sur le document par \u00ab\u00a0le vendeur\u00a0\u00bb, \u00ab\u00a0La Fabrique d&rsquo;Agathe\u00a0\u00bb ou \u00ab\u00a0Agathe Bornet\u00a0\u00bb. <\/p>\n\n\n\n<p>Chaque commande r\u00e9alis\u00e9e sur le site www.lafabriquedagathe.fr implique l&rsquo;acceptation sans r\u00e9serve par le client des conditions g\u00e9n\u00e9rales de ventes, client d\u00e9nomm\u00e9 sur le document par \u00ab\u00a0l&rsquo;acheteur\u00a0\u00bb.<\/p>\n\n\n\n<p>Nous invitons donc chaque client \u00e0 lire attentivement les conditions g\u00e9n\u00e9rales de ventes avant de passer commande. <\/p>\n\n\n\n<p>La Fabrique d&rsquo;Agathe se r\u00e9serve le droit de modifier ces conditions. Les conditions applicables sont celles en vigueur lors de votre commande. <\/p>\n\n\n\n<p>Ce site est h\u00e9berg\u00e9 par la soci\u00e9t\u00e9 OVH (Si\u00e8ge social : 2 rue Kellermann &#8211; 59100 Roubaix &#8211; France) et a \u00e9t\u00e9 cr\u00e9\u00e9 via le logiciel WordPress.<\/p>\n\n\n\n<h2 class=\"wp-block-heading\">Produits propos\u00e9s<\/h2>\n\n\n\n<p>La Fabrique d&rsquo;Agathe propose des cr\u00e9ations cousues dans l&rsquo;Ain, pour les enfants de 0 \u00e0 6 ans ainsi que pour les femmes. Chaque article est r\u00e9alis\u00e9 \u00e0 la commande, c&rsquo;est pourquoi il faut pr\u00e9voir un d\u00e9lais de confection de 2 \u00e0 4 semaines selon les p\u00e9riodes de l&rsquo;ann\u00e9e. <\/p>\n\n\n\n<p>Les photos des cr\u00e9ations sont le plus fid\u00e8le possible aux produits mais n&rsquo;engagent en rien le vendeur (car il peut exister une petite variation de couleur). <\/p>\n\n\n\n<p>Un explicatif de chaque produit est pr\u00e9sent dans les descriptifs (mati\u00e8re, provenance,&#8230;) <\/p>\n\n\n\n<p>Afin de choisir au mieux la taille des cr\u00e9ations, l&rsquo;acheteur s&rsquo;engage \u00e0 lire la grille et le descriptif des tailles pr\u00e9sents dans le menu du site. <\/p>\n\n\n\n<p><\/p>\n\n\n\n<h2 class=\"wp-block-heading\">Tarifs<\/h2>\n\n\n\n<p>Le tarif des cr\u00e9ations est indiqu\u00e9 en Euros (\u20ac) toutes taxes comprises (TTC), hors frais de livraison. Ces derniers seront indiqu\u00e9s au moment de valider votre commande. La TVA est non applicable par le vendeur (article 293B du CGI). <\/p>\n\n\n\n<p>La totalit\u00e9 du paiement doit \u00eatre r\u00e9alis\u00e9 lors de la commande. <\/p>\n\n\n\n<p>La Fabrique d&rsquo;Agathe se r\u00e9serve le droit de modifier les tarifs \u00e0 tout moment. Le prix en vigueur est celui indiqu\u00e9 le jour de la commande.<\/p>\n\n\n\n<h2 class=\"wp-block-heading\">Paiement<\/h2>\n\n\n\n<p>Le paiement des cr\u00e9ations peut se faire par carte bancaire ou paypal. Le paiement par carte bancaire s&rsquo;effectue via la plateforme Stripe qui est une plateforme de paiement s\u00e9curis\u00e9e.<\/p>\n\n\n\n<p>La Fabrique d&rsquo;Agathe se r\u00e9serve le droit de ne pas envoyer la commande si celle-ci n&rsquo;a pas \u00e9t\u00e9 r\u00e9gl\u00e9e dans sa totalit\u00e9. <\/p>\n\n\n\n<h2 class=\"wp-block-heading\">Mode d&rsquo;envoi<\/h2>\n\n\n\n<p>Les livraisons sont assur\u00e9es par le service Colissimo de La Poste. Eux seuls sont responsables en cas de perte. <\/p>\n\n\n\n<p>Les envois sont r\u00e9alis\u00e9s \u00e0 l&rsquo;adresse indiqu\u00e9e lors votre commande sur le site. Les acheteurs sont responsables de l&rsquo;exactitude des informations transmises lors de la validation de la commande. <\/p>\n\n\n\n<p>Les frais de livraison ne sont pas inclus dans le prix des cr\u00e9ations, ils seront indiqu\u00e9s \u00e0 l&rsquo;acheteur lors de la validation de son panier. Les prix sont calcul\u00e9s en fonction du poids des cr\u00e9ations. <\/p>\n\n\n\n<figure class=\"wp-block-table\"><table><thead><tr><th>Poids jusqu\u2019\u00e0\u2026<\/th><th>Tarifs Colissimo livraison \u00e0 domicile<br>Vers France m\u00e9tropolitaine, Andorre, Monaco<\/th><th>Tarifs Colissimo livraison en point de retrait<br>Vers France m\u00e9tropolitaine<\/th><\/tr><\/thead><tbody><tr><td>250 g<\/td><td>4,95 \u20ac<\/td><td>4,25 \u20ac<\/td><\/tr><tr><td>500 g<\/td><td>6,55 \u20ac<\/td><td>5,85 \u20ac<\/td><\/tr><tr><td>750 g<\/td><td>7,45 \u20ac<\/td><td>6,75 \u20ac<\/td><\/tr><tr><td>1 kg<\/td><td>8,10 \u20ac<\/td><td>7,40 \u20ac<\/td><\/tr><tr><td>2 kg<\/td><td>9,35 \u20ac<\/td><td>8,65 \u20ac<\/td><\/tr><tr><td>5 kg<\/td><td>14,35 \u20ac<\/td><td>13,65 \u20ac<\/td><\/tr><tr><td>10 kg<\/td><td>20,85 \u20ac<\/td><td>N\/A<\/td><\/tr><tr><td>15 kg<\/td><td>26,40 \u20ac<\/td><td>N\/A<\/td><\/tr><tr><td>30 kg<\/td><td>32,70 \u20ac<\/td><td>N\/A<\/td><\/tr><\/tbody><\/table><figcaption>Tarifs en vigueur au 1er janvier 2022<\/figcaption><\/figure>\n\n\n\n<h2 class=\"wp-block-heading\">R\u00e9tractation<\/h2>\n\n\n\n<p>Selon l&rsquo;article L121-16 du Code Fran\u00e7ais de la Consommation, l&rsquo;acheteur dispose d&rsquo;un d\u00e9lai de quatorze jours \u00e0 compter de la r\u00e9ception de sa commande, pour exercer son droit de r\u00e9tractation sans p\u00e9nalit\u00e9 ni justification. L&rsquo;acheteur doit retourner l&rsquo;article neuf \u00e0 ses frais. <\/p>\n\n\n\n<p>Dans un d\u00e9lai maximum de 30 jours, l&rsquo;acheteur sera rembours\u00e9 de la totalit\u00e9 de la somme vers\u00e9e  (prix de la cr\u00e9ation et frais de livraison).<\/p>\n\n\n\n<p>Pass\u00e9 ce d\u00e9lai l\u00e9gal, aucun article ne pourra \u00eatre \u00e9chang\u00e9 ou repris.<\/p>\n\n\n\n<p>Toute demande doit s&rsquo;effectuer via courrier postal \u00e0 l&rsquo;adresse suivante : La Fabrique d&rsquo;Agathe 701 rue de la fruiti\u00e8re 01410 CHAMPFROMIER ou par mail \u00e0 : lafabriquedagathe@yahoo.com<\/p>\n\n\n\n<h2 class=\"wp-block-heading\">Donn\u00e9es \u00e0 caract\u00e8re personnelle<\/h2>\n\n\n\n<p>La Fabrique d&rsquo;Agathe s&rsquo;engage \u00e0 pr\u00e9server la confidentialit\u00e9 des informations fournies par l&rsquo;acheteur. Les informations sont n\u00e9cessaires pour la passation de la commande. <\/p>\n\n\n\n<h2 class=\"wp-block-heading\">Propri\u00e9t\u00e9 intellectuelle<\/h2>\n\n\n\n<p>Les textes, les photographies et images pr\u00e9sents sur le site sont prot\u00e9g\u00e9s au titre de la propri\u00e9t\u00e9 intellectuelle. Toute reproduction est interdite et pourra \u00eatre sanctionn\u00e9e, sauf autorisation d&rsquo;Agathe Bornet. <\/p>\n\n\n\n<h2 class=\"wp-block-heading\">R\u00e8glement des litiges<\/h2>\n\n\n\n<p>La langue du pr\u00e9c\u00e9dent contrat est le fran\u00e7ais. <\/p>\n\n\n\n<p>Les conditions g\u00e9n\u00e9rales de vente ci-dessus sont donc soumises \u00e0 la loi fran\u00e7aise. En cas de litige les tribunaux fran\u00e7ais sont les seuls comp\u00e9tents. <\/p>\n\n\n\n<p>En cas de litige veuillez contacter le service ci-joint <a href=\"https:\/\/entreprendre.service-public.fr\/vosdroits\/R48100\">https:\/\/entreprendre.service-public.fr\/vosdroits\/R48100<\/a><\/p>\n","protected":false},"excerpt":{"rendered":"<p>Mention l\u00e9gale du vendeur La Fabrique d&rsquo;Agathe est une auto-entreprise enregistr\u00e9e \u00e0 la Chambre des m\u00e9tiers et de l&rsquo;Artisanat de l&rsquo;Ain dont le si\u00e8ge social se trouve au 701 rue de la fruiti\u00e8re 01410 Champformier. Num\u00e9ro de Siret est 87811214300010. Auto-entreprise non assujettis \u00e0 la TVA. Les conditions g\u00e9n\u00e9rales de&#8230;<\/p>\n<p> <a class=\"continue-reading-link\" href=\"https:\/\/lafabriquedagathe.fr\/index.php\/cgv\/\"><span>Continue reading<\/span><i class=\"crycon-right-dir\"><\/i><\/a> <\/p>\n","protected":false},"author":1,"featured_media":0,"parent":0,"menu_order":0,"comment_status":"closed","ping_status":"closed","template":"","meta":{"footnotes":""},"class_list":["post-125","page","type-page","status-publish","hentry"],"yoast_head":"<!-- This site is optimized with the Yoast SEO plugin v27.1.1 - https:\/\/yoast.com\/product\/yoast-seo-wordpress\/ -->\n<title>Conditions G\u00e9n\u00e9rales de ventes - Sarouels et v\u00eatements \u00e9volutifs pour enfant en coton bio!<\/title>\n<meta name=\"robots\" content=\"index, follow, max-snippet:-1, max-image-preview:large, max-video-preview:-1\" \/>\n<link rel=\"canonical\" href=\"https:\/\/lafabriquedagathe.fr\/index.php\/cgv\/\" \/>\n<meta property=\"og:locale\" content=\"fr_FR\" \/>\n<meta property=\"og:type\" content=\"article\" \/>\n<meta property=\"og:title\" content=\"Conditions G\u00e9n\u00e9rales de ventes - Sarouels et v\u00eatements \u00e9volutifs pour enfant en coton bio!\" \/>\n<meta property=\"og:description\" content=\"Mention l\u00e9gale du vendeur La Fabrique d&rsquo;Agathe est une auto-entreprise enregistr\u00e9e \u00e0 la Chambre des m\u00e9tiers et de l&rsquo;Artisanat de l&rsquo;Ain dont le si\u00e8ge social se trouve au 701 rue de la fruiti\u00e8re 01410 Champformier. Num\u00e9ro de Siret est 87811214300010. Auto-entreprise non assujettis \u00e0 la TVA. Les conditions g\u00e9n\u00e9rales de... Continue reading\" \/>\n<meta property=\"og:url\" content=\"https:\/\/lafabriquedagathe.fr\/index.php\/cgv\/\" \/>\n<meta property=\"og:site_name\" content=\"Sarouels et v\u00eatements \u00e9volutifs pour enfant en coton bio!\" \/>\n<meta property=\"article:publisher\" content=\"https:\/\/www.facebook.com\/lafabriquedagathe\" \/>\n<meta property=\"article:modified_time\" content=\"2022-09-19T12:46:08+00:00\" \/>\n<meta name=\"twitter:card\" content=\"summary_large_image\" \/>\n<meta name=\"twitter:label1\" content=\"Dur\u00e9e de lecture estim\u00e9e\" \/>\n\t<meta name=\"twitter:data1\" content=\"5 minutes\" \/>\n<script type=\"application\/ld+json\" class=\"yoast-schema-graph\">{\"@context\":\"https:\/\/schema.org\",\"@graph\":[{\"@type\":\"WebPage\",\"@id\":\"https:\/\/lafabriquedagathe.fr\/index.php\/cgv\/\",\"url\":\"https:\/\/lafabriquedagathe.fr\/index.php\/cgv\/\",\"name\":\"Conditions G\u00e9n\u00e9rales de ventes - Sarouels et v\u00eatements \u00e9volutifs pour enfant en coton bio!\",\"isPartOf\":{\"@id\":\"https:\/\/lafabriquedagathe.fr\/#website\"},\"datePublished\":\"2022-06-27T15:00:15+00:00\",\"dateModified\":\"2022-09-19T12:46:08+00:00\",\"breadcrumb\":{\"@id\":\"https:\/\/lafabriquedagathe.fr\/index.php\/cgv\/#breadcrumb\"},\"inLanguage\":\"fr-FR\",\"potentialAction\":[{\"@type\":\"ReadAction\",\"target\":[\"https:\/\/lafabriquedagathe.fr\/index.php\/cgv\/\"]}]},{\"@type\":\"BreadcrumbList\",\"@id\":\"https:\/\/lafabriquedagathe.fr\/index.php\/cgv\/#breadcrumb\",\"itemListElement\":[{\"@type\":\"ListItem\",\"position\":1,\"name\":\"Accueil\",\"item\":\"https:\/\/lafabriquedagathe.fr\/\"},{\"@type\":\"ListItem\",\"position\":2,\"name\":\"Conditions G\u00e9n\u00e9rales de ventes\"}]},{\"@type\":\"WebSite\",\"@id\":\"https:\/\/lafabriquedagathe.fr\/#website\",\"url\":\"https:\/\/lafabriquedagathe.fr\/\",\"name\":\"Sarouels et v\u00eatements \u00e9volutifs pour enfant en coton bio!\",\"description\":\"Pour grandir, jouer et durer.\",\"publisher\":{\"@id\":\"https:\/\/lafabriquedagathe.fr\/#organization\"},\"potentialAction\":[{\"@type\":\"SearchAction\",\"target\":{\"@type\":\"EntryPoint\",\"urlTemplate\":\"https:\/\/lafabriquedagathe.fr\/?s={search_term_string}\"},\"query-input\":{\"@type\":\"PropertyValueSpecification\",\"valueRequired\":true,\"valueName\":\"search_term_string\"}}],\"inLanguage\":\"fr-FR\"},{\"@type\":\"Organization\",\"@id\":\"https:\/\/lafabriquedagathe.fr\/#organization\",\"name\":\"La fabrique d'Agathe\",\"url\":\"https:\/\/lafabriquedagathe.fr\/\",\"logo\":{\"@type\":\"ImageObject\",\"inLanguage\":\"fr-FR\",\"@id\":\"https:\/\/lafabriquedagathe.fr\/#\/schema\/logo\/image\/\",\"url\":\"https:\/\/lafabriquedagathe.fr\/wp-content\/uploads\/2022\/06\/LOGO1ERE-2.jpg\",\"contentUrl\":\"https:\/\/lafabriquedagathe.fr\/wp-content\/uploads\/2022\/06\/LOGO1ERE-2.jpg\",\"width\":350,\"height\":175,\"caption\":\"La fabrique d'Agathe\"},\"image\":{\"@id\":\"https:\/\/lafabriquedagathe.fr\/#\/schema\/logo\/image\/\"},\"sameAs\":[\"https:\/\/www.facebook.com\/lafabriquedagathe\",\"https:\/\/www.instagram.com\/lafabriquedagathe\/\"]}]}<\/script>\n<!-- \/ Yoast SEO plugin. -->","yoast_head_json":{"title":"Conditions G\u00e9n\u00e9rales de ventes - Sarouels et v\u00eatements \u00e9volutifs pour enfant en coton bio!","robots":{"index":"index","follow":"follow","max-snippet":"max-snippet:-1","max-image-preview":"max-image-preview:large","max-video-preview":"max-video-preview:-1"},"canonical":"https:\/\/lafabriquedagathe.fr\/index.php\/cgv\/","og_locale":"fr_FR","og_type":"article","og_title":"Conditions G\u00e9n\u00e9rales de ventes - Sarouels et v\u00eatements \u00e9volutifs pour enfant en coton bio!","og_description":"Mention l\u00e9gale du vendeur La Fabrique d&rsquo;Agathe est une auto-entreprise enregistr\u00e9e \u00e0 la Chambre des m\u00e9tiers et de l&rsquo;Artisanat de l&rsquo;Ain dont le si\u00e8ge social se trouve au 701 rue de la fruiti\u00e8re 01410 Champformier. Num\u00e9ro de Siret est 87811214300010. Auto-entreprise non assujettis \u00e0 la TVA. Les conditions g\u00e9n\u00e9rales de... Continue reading","og_url":"https:\/\/lafabriquedagathe.fr\/index.php\/cgv\/","og_site_name":"Sarouels et v\u00eatements \u00e9volutifs pour enfant en coton bio!","article_publisher":"https:\/\/www.facebook.com\/lafabriquedagathe","article_modified_time":"2022-09-19T12:46:08+00:00","twitter_card":"summary_large_image","twitter_misc":{"Dur\u00e9e de lecture estim\u00e9e":"5 minutes"},"schema":{"@context":"https:\/\/schema.org","@graph":[{"@type":"WebPage","@id":"https:\/\/lafabriquedagathe.fr\/index.php\/cgv\/","url":"https:\/\/lafabriquedagathe.fr\/index.php\/cgv\/","name":"Conditions G\u00e9n\u00e9rales de ventes - Sarouels et v\u00eatements \u00e9volutifs pour enfant en coton bio!","isPartOf":{"@id":"https:\/\/lafabriquedagathe.fr\/#website"},"datePublished":"2022-06-27T15:00:15+00:00","dateModified":"2022-09-19T12:46:08+00:00","breadcrumb":{"@id":"https:\/\/lafabriquedagathe.fr\/index.php\/cgv\/#breadcrumb"},"inLanguage":"fr-FR","potentialAction":[{"@type":"ReadAction","target":["https:\/\/lafabriquedagathe.fr\/index.php\/cgv\/"]}]},{"@type":"BreadcrumbList","@id":"https:\/\/lafabriquedagathe.fr\/index.php\/cgv\/#breadcrumb","itemListElement":[{"@type":"ListItem","position":1,"name":"Accueil","item":"https:\/\/lafabriquedagathe.fr\/"},{"@type":"ListItem","position":2,"name":"Conditions G\u00e9n\u00e9rales de ventes"}]},{"@type":"WebSite","@id":"https:\/\/lafabriquedagathe.fr\/#website","url":"https:\/\/lafabriquedagathe.fr\/","name":"Sarouels et v\u00eatements \u00e9volutifs pour enfant en coton bio!","description":"Pour grandir, jouer et durer.","publisher":{"@id":"https:\/\/lafabriquedagathe.fr\/#organization"},"potentialAction":[{"@type":"SearchAction","target":{"@type":"EntryPoint","urlTemplate":"https:\/\/lafabriquedagathe.fr\/?s={search_term_string}"},"query-input":{"@type":"PropertyValueSpecification","valueRequired":true,"valueName":"search_term_string"}}],"inLanguage":"fr-FR"},{"@type":"Organization","@id":"https:\/\/lafabriquedagathe.fr\/#organization","name":"La fabrique d'Agathe","url":"https:\/\/lafabriquedagathe.fr\/","logo":{"@type":"ImageObject","inLanguage":"fr-FR","@id":"https:\/\/lafabriquedagathe.fr\/#\/schema\/logo\/image\/","url":"https:\/\/lafabriquedagathe.fr\/wp-content\/uploads\/2022\/06\/LOGO1ERE-2.jpg","contentUrl":"https:\/\/lafabriquedagathe.fr\/wp-content\/uploads\/2022\/06\/LOGO1ERE-2.jpg","width":350,"height":175,"caption":"La fabrique d'Agathe"},"image":{"@id":"https:\/\/lafabriquedagathe.fr\/#\/schema\/logo\/image\/"},"sameAs":["https:\/\/www.facebook.com\/lafabriquedagathe","https:\/\/www.instagram.com\/lafabriquedagathe\/"]}]}},"_links":{"self":[{"href":"https:\/\/lafabriquedagathe.fr\/index.php\/wp-json\/wp\/v2\/pages\/125","targetHints":{"allow":["GET"]}}],"collection":[{"href":"https:\/\/lafabriquedagathe.fr\/index.php\/wp-json\/wp\/v2\/pages"}],"about":[{"href":"https:\/\/lafabriquedagathe.fr\/index.php\/wp-json\/wp\/v2\/types\/page"}],"author":[{"embeddable":true,"href":"https:\/\/lafabriquedagathe.fr\/index.php\/wp-json\/wp\/v2\/users\/1"}],"replies":[{"embeddable":true,"href":"https:\/\/lafabriquedagathe.fr\/index.php\/wp-json\/wp\/v2\/comments?post=125"}],"version-history":[{"count":22,"href":"https:\/\/lafabriquedagathe.fr\/index.php\/wp-json\/wp\/v2\/pages\/125\/revisions"}],"predecessor-version":[{"id":706,"href":"https:\/\/lafabriquedagathe.fr\/index.php\/wp-json\/wp\/v2\/pages\/125\/revisions\/706"}],"wp:attachment":[{"href":"https:\/\/lafabriquedagathe.fr\/index.php\/wp-json\/wp\/v2\/media?parent=125"}],"curies":[{"name":"wp","href":"https:\/\/api.w.org\/{rel}","templated":true}]}}