{"id":7063,"date":"2025-09-10T21:42:26","date_gmt":"2025-09-10T19:42:26","guid":{"rendered":"https:\/\/lafabriquedagathe.fr\/?post_type=product&#038;p=7063"},"modified":"2026-03-24T11:01:24","modified_gmt":"2026-03-24T10:01:24","slug":"sweat-evolutif-velours-cotele-uni-choco","status":"publish","type":"product","link":"https:\/\/lafabriquedagathe.fr\/index.php\/produit\/sweat-evolutif-velours-cotele-uni-choco\/","title":{"rendered":"Sweat \u00e9volutif velours c\u00f4t\u00e9l\u00e9 uni CHOCO"},"content":{"rendered":"<h1>Sweat \u00e9volutif en velours c\u00f4tel\u00e9. De la douceur et du confort.<\/h1>\n<p>Offrez \u00e0 votre enfant un v\u00eatement confortable, durable et esth\u00e9tique avce ce sweat \u00e9volutif en velours c\u00f4tel\u00e9 100 % coton bio.<\/p>\n<p>Ce pull est con\u00e7u pour grandir avec votre enfant et l&rsquo;accompagner dans son quotidien gr\u00e2ce \u00e0 cette mati\u00e8re confortable souple et respirante.<\/p>\n<h2>Mati\u00e8re et qualit\u00e9<\/h2>\n<ul>\n<li>Ce sweat est cousu dans un tissu en velours c\u00f4tel\u00e9 100% coton biologique provenant d&rsquo;Allemagne. Il est doux est respectueux de la peau de vos enfants<\/li>\n<\/ul>\n<p>&nbsp;<\/p>\n<ul>\n<li>Les poignets sont r\u00e9alis\u00e9 en bord-c\u00f4te (95% coton bio, 5% elasthanne)<\/li>\n<\/ul>\n<h2>Un sweat \u00e9volutif qui grandit avec les enfants<\/h2>\n<ul>\n<li>Une coupe \u00e9volutive gr\u00e2ce aux poignets et \u00e0 la ceinture en bord-c\u00f4te qui s&rsquo;adaptent \u00e0 sa croissance<\/li>\n<\/ul>\n<p>&nbsp;<\/p>\n<ul>\n<li>Un v\u00eatement durable que votre enfant portera longtemps.<\/li>\n<\/ul>\n<h2>Style et confort<\/h2>\n<ul>\n<li>Coupe mixte et intemporel<\/li>\n<\/ul>\n<p>&nbsp;<\/p>\n<ul>\n<li>Facile \u00e0 associer avec un petit sarouel, un legging ou une jupe<\/li>\n<\/ul>\n<p>&nbsp;<\/p>\n<ul>\n<li>Disponible en plusieurs coloris<\/li>\n<\/ul>\n<p>Un indispensable dans le dressinf de votre enfant, \u00e0 la fois pratique, \u00e9cologique et confortable!<\/p>\n<p>&nbsp;<\/p>\n<p>Toutes mes cr\u00e9ations sont cousu avec soin dans mon atelier en France.<\/p>\n","protected":false},"excerpt":{"rendered":"<p>Sweat \u00e9volutif en velours c\u00f4tel\u00e9<\/p>\n<p>100% coton bio<\/p>\n<p>Ultra confortable<\/p>\n<p> <a class=\"continue-reading-link\" href=\"https:\/\/lafabriquedagathe.fr\/index.php\/produit\/sweat-evolutif-velours-cotele-uni-choco\/\"><span>Continue reading<\/span><i class=\"crycon-right-dir\"><\/i><\/a> <\/p>\n","protected":false},"featured_media":7072,"comment_status":"open","ping_status":"closed","template":"","meta":[],"product_brand":[],"product_cat":[104,146],"product_tag":[],"class_list":{"0":"post-7063","1":"product","2":"type-product","3":"status-publish","4":"has-post-thumbnail","6":"product_cat-sweat-enfant","7":"product_cat-sweat-evolutif","9":"first","10":"instock","11":"taxable","12":"shipping-taxable","13":"purchasable","14":"product-type-variable"},"yoast_head":"<!-- This site is optimized with the Yoast SEO plugin v27.1.1 - https:\/\/yoast.com\/product\/yoast-seo-wordpress\/ -->\n<title>Sweat \u00e9volutif velours c\u00f4t\u00e9l\u00e9 uni CHOCO - Sarouels et v\u00eatements \u00e9volutifs pour enfant en coton bio!<\/title>\n<meta name=\"description\" content=\"Sweat \u00e9volutif pour enfants, cousu en France avec un tissu en velours cotel\u00e9 en coton biologique cerifi\u00e9 GOTS. Un pull qui offre confort et douceur.\" \/>\n<meta name=\"robots\" content=\"index, follow, max-snippet:-1, max-image-preview:large, max-video-preview:-1\" \/>\n<link rel=\"canonical\" href=\"https:\/\/lafabriquedagathe.fr\/index.php\/produit\/sweat-evolutif-velours-cotele-uni-choco\/\" \/>\n<meta property=\"og:locale\" content=\"fr_FR\" \/>\n<meta property=\"og:type\" content=\"article\" \/>\n<meta property=\"og:title\" content=\"Sweat \u00e9volutif velours c\u00f4t\u00e9l\u00e9 uni CHOCO - Sarouels et v\u00eatements \u00e9volutifs pour enfant en coton bio!\" \/>\n<meta property=\"og:description\" content=\"Sweat \u00e9volutif pour enfants, cousu en France avec un tissu en velours cotel\u00e9 en coton biologique cerifi\u00e9 GOTS. Un pull qui offre confort et douceur.\" \/>\n<meta property=\"og:url\" content=\"https:\/\/lafabriquedagathe.fr\/index.php\/produit\/sweat-evolutif-velours-cotele-uni-choco\/\" \/>\n<meta property=\"og:site_name\" content=\"Sarouels et v\u00eatements \u00e9volutifs pour enfant en coton bio!\" \/>\n<meta property=\"article:publisher\" content=\"https:\/\/www.facebook.com\/lafabriquedagathe\" \/>\n<meta property=\"article:modified_time\" content=\"2026-03-24T10:01:24+00:00\" \/>\n<meta property=\"og:image\" content=\"https:\/\/lafabriquedagathe.fr\/wp-content\/uploads\/2025\/09\/Photographie-3.jpg\" \/>\n\t<meta property=\"og:image:width\" content=\"1432\" \/>\n\t<meta property=\"og:image:height\" content=\"1432\" \/>\n\t<meta property=\"og:image:type\" content=\"image\/jpeg\" \/>\n<meta name=\"twitter:card\" content=\"summary_large_image\" \/>\n<meta name=\"twitter:label1\" content=\"Dur\u00e9e de lecture estim\u00e9e\" \/>\n\t<meta name=\"twitter:data1\" content=\"2 minutes\" \/>\n<script type=\"application\/ld+json\" class=\"yoast-schema-graph\">{\"@context\":\"https:\/\/schema.org\",\"@graph\":[{\"@type\":\"WebPage\",\"@id\":\"https:\/\/lafabriquedagathe.fr\/index.php\/produit\/sweat-evolutif-velours-cotele-uni-choco\/\",\"url\":\"https:\/\/lafabriquedagathe.fr\/index.php\/produit\/sweat-evolutif-velours-cotele-uni-choco\/\",\"name\":\"Sweat \u00e9volutif velours c\u00f4t\u00e9l\u00e9 uni CHOCO - Sarouels et v\u00eatements \u00e9volutifs pour enfant en coton bio!\",\"isPartOf\":{\"@id\":\"https:\/\/lafabriquedagathe.fr\/#website\"},\"primaryImageOfPage\":{\"@id\":\"https:\/\/lafabriquedagathe.fr\/index.php\/produit\/sweat-evolutif-velours-cotele-uni-choco\/#primaryimage\"},\"image\":{\"@id\":\"https:\/\/lafabriquedagathe.fr\/index.php\/produit\/sweat-evolutif-velours-cotele-uni-choco\/#primaryimage\"},\"thumbnailUrl\":\"https:\/\/lafabriquedagathe.fr\/wp-content\/uploads\/2025\/09\/Photographie-3.jpg\",\"datePublished\":\"2025-09-10T19:42:26+00:00\",\"dateModified\":\"2026-03-24T10:01:24+00:00\",\"description\":\"Sweat \u00e9volutif pour enfants, cousu en France avec un tissu en velours cotel\u00e9 en coton biologique cerifi\u00e9 GOTS. Un pull qui offre confort et douceur.\",\"breadcrumb\":{\"@id\":\"https:\/\/lafabriquedagathe.fr\/index.php\/produit\/sweat-evolutif-velours-cotele-uni-choco\/#breadcrumb\"},\"inLanguage\":\"fr-FR\",\"potentialAction\":[{\"@type\":\"ReadAction\",\"target\":[\"https:\/\/lafabriquedagathe.fr\/index.php\/produit\/sweat-evolutif-velours-cotele-uni-choco\/\"]}]},{\"@type\":\"ImageObject\",\"inLanguage\":\"fr-FR\",\"@id\":\"https:\/\/lafabriquedagathe.fr\/index.php\/produit\/sweat-evolutif-velours-cotele-uni-choco\/#primaryimage\",\"url\":\"https:\/\/lafabriquedagathe.fr\/wp-content\/uploads\/2025\/09\/Photographie-3.jpg\",\"contentUrl\":\"https:\/\/lafabriquedagathe.fr\/wp-content\/uploads\/2025\/09\/Photographie-3.jpg\",\"width\":1432,\"height\":1432,\"caption\":\"sweat \u00e9volutif en velours c\u00f4tel\u00e9 bio\"},{\"@type\":\"BreadcrumbList\",\"@id\":\"https:\/\/lafabriquedagathe.fr\/index.php\/produit\/sweat-evolutif-velours-cotele-uni-choco\/#breadcrumb\",\"itemListElement\":[{\"@type\":\"ListItem\",\"position\":1,\"name\":\"Accueil\",\"item\":\"https:\/\/lafabriquedagathe.fr\/\"},{\"@type\":\"ListItem\",\"position\":2,\"name\":\"Boutique\",\"item\":\"https:\/\/lafabriquedagathe.fr\/index.php\/boutique\/\"},{\"@type\":\"ListItem\",\"position\":3,\"name\":\"Sweat \u00e9volutif velours c\u00f4t\u00e9l\u00e9 uni CHOCO\"}]},{\"@type\":\"WebSite\",\"@id\":\"https:\/\/lafabriquedagathe.fr\/#website\",\"url\":\"https:\/\/lafabriquedagathe.fr\/\",\"name\":\"Sarouels et v\u00eatements \u00e9volutifs pour enfant en coton bio!\",\"description\":\"Pour grandir, jouer et durer.\",\"publisher\":{\"@id\":\"https:\/\/lafabriquedagathe.fr\/#organization\"},\"potentialAction\":[{\"@type\":\"SearchAction\",\"target\":{\"@type\":\"EntryPoint\",\"urlTemplate\":\"https:\/\/lafabriquedagathe.fr\/?s={search_term_string}\"},\"query-input\":{\"@type\":\"PropertyValueSpecification\",\"valueRequired\":true,\"valueName\":\"search_term_string\"}}],\"inLanguage\":\"fr-FR\"},{\"@type\":\"Organization\",\"@id\":\"https:\/\/lafabriquedagathe.fr\/#organization\",\"name\":\"La fabrique d'Agathe\",\"url\":\"https:\/\/lafabriquedagathe.fr\/\",\"logo\":{\"@type\":\"ImageObject\",\"inLanguage\":\"fr-FR\",\"@id\":\"https:\/\/lafabriquedagathe.fr\/#\/schema\/logo\/image\/\",\"url\":\"https:\/\/lafabriquedagathe.fr\/wp-content\/uploads\/2022\/06\/LOGO1ERE-2.jpg\",\"contentUrl\":\"https:\/\/lafabriquedagathe.fr\/wp-content\/uploads\/2022\/06\/LOGO1ERE-2.jpg\",\"width\":350,\"height\":175,\"caption\":\"La fabrique d'Agathe\"},\"image\":{\"@id\":\"https:\/\/lafabriquedagathe.fr\/#\/schema\/logo\/image\/\"},\"sameAs\":[\"https:\/\/www.facebook.com\/lafabriquedagathe\",\"https:\/\/www.instagram.com\/lafabriquedagathe\/\"]}]}<\/script>\n<!-- \/ Yoast SEO plugin. -->","yoast_head_json":{"title":"Sweat \u00e9volutif velours c\u00f4t\u00e9l\u00e9 uni CHOCO - Sarouels et v\u00eatements \u00e9volutifs pour enfant en coton bio!","description":"Sweat \u00e9volutif pour enfants, cousu en France avec un tissu en velours cotel\u00e9 en coton biologique cerifi\u00e9 GOTS. Un pull qui offre confort et douceur.","robots":{"index":"index","follow":"follow","max-snippet":"max-snippet:-1","max-image-preview":"max-image-preview:large","max-video-preview":"max-video-preview:-1"},"canonical":"https:\/\/lafabriquedagathe.fr\/index.php\/produit\/sweat-evolutif-velours-cotele-uni-choco\/","og_locale":"fr_FR","og_type":"article","og_title":"Sweat \u00e9volutif velours c\u00f4t\u00e9l\u00e9 uni CHOCO - Sarouels et v\u00eatements \u00e9volutifs pour enfant en coton bio!","og_description":"Sweat \u00e9volutif pour enfants, cousu en France avec un tissu en velours cotel\u00e9 en coton biologique cerifi\u00e9 GOTS. Un pull qui offre confort et douceur.","og_url":"https:\/\/lafabriquedagathe.fr\/index.php\/produit\/sweat-evolutif-velours-cotele-uni-choco\/","og_site_name":"Sarouels et v\u00eatements \u00e9volutifs pour enfant en coton bio!","article_publisher":"https:\/\/www.facebook.com\/lafabriquedagathe","article_modified_time":"2026-03-24T10:01:24+00:00","og_image":[{"width":1432,"height":1432,"url":"https:\/\/lafabriquedagathe.fr\/wp-content\/uploads\/2025\/09\/Photographie-3.jpg","type":"image\/jpeg"}],"twitter_card":"summary_large_image","twitter_misc":{"Dur\u00e9e de lecture estim\u00e9e":"2 minutes"},"schema":{"@context":"https:\/\/schema.org","@graph":[{"@type":"WebPage","@id":"https:\/\/lafabriquedagathe.fr\/index.php\/produit\/sweat-evolutif-velours-cotele-uni-choco\/","url":"https:\/\/lafabriquedagathe.fr\/index.php\/produit\/sweat-evolutif-velours-cotele-uni-choco\/","name":"Sweat \u00e9volutif velours c\u00f4t\u00e9l\u00e9 uni CHOCO - Sarouels et v\u00eatements \u00e9volutifs pour enfant en coton bio!","isPartOf":{"@id":"https:\/\/lafabriquedagathe.fr\/#website"},"primaryImageOfPage":{"@id":"https:\/\/lafabriquedagathe.fr\/index.php\/produit\/sweat-evolutif-velours-cotele-uni-choco\/#primaryimage"},"image":{"@id":"https:\/\/lafabriquedagathe.fr\/index.php\/produit\/sweat-evolutif-velours-cotele-uni-choco\/#primaryimage"},"thumbnailUrl":"https:\/\/lafabriquedagathe.fr\/wp-content\/uploads\/2025\/09\/Photographie-3.jpg","datePublished":"2025-09-10T19:42:26+00:00","dateModified":"2026-03-24T10:01:24+00:00","description":"Sweat \u00e9volutif pour enfants, cousu en France avec un tissu en velours cotel\u00e9 en coton biologique cerifi\u00e9 GOTS. Un pull qui offre confort et douceur.","breadcrumb":{"@id":"https:\/\/lafabriquedagathe.fr\/index.php\/produit\/sweat-evolutif-velours-cotele-uni-choco\/#breadcrumb"},"inLanguage":"fr-FR","potentialAction":[{"@type":"ReadAction","target":["https:\/\/lafabriquedagathe.fr\/index.php\/produit\/sweat-evolutif-velours-cotele-uni-choco\/"]}]},{"@type":"ImageObject","inLanguage":"fr-FR","@id":"https:\/\/lafabriquedagathe.fr\/index.php\/produit\/sweat-evolutif-velours-cotele-uni-choco\/#primaryimage","url":"https:\/\/lafabriquedagathe.fr\/wp-content\/uploads\/2025\/09\/Photographie-3.jpg","contentUrl":"https:\/\/lafabriquedagathe.fr\/wp-content\/uploads\/2025\/09\/Photographie-3.jpg","width":1432,"height":1432,"caption":"sweat \u00e9volutif en velours c\u00f4tel\u00e9 bio"},{"@type":"BreadcrumbList","@id":"https:\/\/lafabriquedagathe.fr\/index.php\/produit\/sweat-evolutif-velours-cotele-uni-choco\/#breadcrumb","itemListElement":[{"@type":"ListItem","position":1,"name":"Accueil","item":"https:\/\/lafabriquedagathe.fr\/"},{"@type":"ListItem","position":2,"name":"Boutique","item":"https:\/\/lafabriquedagathe.fr\/index.php\/boutique\/"},{"@type":"ListItem","position":3,"name":"Sweat \u00e9volutif velours c\u00f4t\u00e9l\u00e9 uni CHOCO"}]},{"@type":"WebSite","@id":"https:\/\/lafabriquedagathe.fr\/#website","url":"https:\/\/lafabriquedagathe.fr\/","name":"Sarouels et v\u00eatements \u00e9volutifs pour enfant en coton bio!","description":"Pour grandir, jouer et durer.","publisher":{"@id":"https:\/\/lafabriquedagathe.fr\/#organization"},"potentialAction":[{"@type":"SearchAction","target":{"@type":"EntryPoint","urlTemplate":"https:\/\/lafabriquedagathe.fr\/?s={search_term_string}"},"query-input":{"@type":"PropertyValueSpecification","valueRequired":true,"valueName":"search_term_string"}}],"inLanguage":"fr-FR"},{"@type":"Organization","@id":"https:\/\/lafabriquedagathe.fr\/#organization","name":"La fabrique d'Agathe","url":"https:\/\/lafabriquedagathe.fr\/","logo":{"@type":"ImageObject","inLanguage":"fr-FR","@id":"https:\/\/lafabriquedagathe.fr\/#\/schema\/logo\/image\/","url":"https:\/\/lafabriquedagathe.fr\/wp-content\/uploads\/2022\/06\/LOGO1ERE-2.jpg","contentUrl":"https:\/\/lafabriquedagathe.fr\/wp-content\/uploads\/2022\/06\/LOGO1ERE-2.jpg","width":350,"height":175,"caption":"La fabrique d'Agathe"},"image":{"@id":"https:\/\/lafabriquedagathe.fr\/#\/schema\/logo\/image\/"},"sameAs":["https:\/\/www.facebook.com\/lafabriquedagathe","https:\/\/www.instagram.com\/lafabriquedagathe\/"]}]}},"_links":{"self":[{"href":"https:\/\/lafabriquedagathe.fr\/index.php\/wp-json\/wp\/v2\/product\/7063","targetHints":{"allow":["GET"]}}],"collection":[{"href":"https:\/\/lafabriquedagathe.fr\/index.php\/wp-json\/wp\/v2\/product"}],"about":[{"href":"https:\/\/lafabriquedagathe.fr\/index.php\/wp-json\/wp\/v2\/types\/product"}],"replies":[{"embeddable":true,"href":"https:\/\/lafabriquedagathe.fr\/index.php\/wp-json\/wp\/v2\/comments?post=7063"}],"wp:featuredmedia":[{"embeddable":true,"href":"https:\/\/lafabriquedagathe.fr\/index.php\/wp-json\/wp\/v2\/media\/7072"}],"wp:attachment":[{"href":"https:\/\/lafabriquedagathe.fr\/index.php\/wp-json\/wp\/v2\/media?parent=7063"}],"wp:term":[{"taxonomy":"product_brand","embeddable":true,"href":"https:\/\/lafabriquedagathe.fr\/index.php\/wp-json\/wp\/v2\/product_brand?post=7063"},{"taxonomy":"product_cat","embeddable":true,"href":"https:\/\/lafabriquedagathe.fr\/index.php\/wp-json\/wp\/v2\/product_cat?post=7063"},{"taxonomy":"product_tag","embeddable":true,"href":"https:\/\/lafabriquedagathe.fr\/index.php\/wp-json\/wp\/v2\/product_tag?post=7063"}],"curies":[{"name":"wp","href":"https:\/\/api.w.org\/{rel}","templated":true}]}}