{"id":8189,"date":"2026-02-13T14:26:57","date_gmt":"2026-02-13T13:26:57","guid":{"rendered":"https:\/\/lafabriquedagathe.fr\/?post_type=product&#038;p=8189"},"modified":"2026-02-13T14:27:55","modified_gmt":"2026-02-13T13:27:55","slug":"sweat-a-capuche-panthere-taille-l","status":"publish","type":"product","link":"https:\/\/lafabriquedagathe.fr\/index.php\/produit\/sweat-a-capuche-panthere-taille-l\/","title":{"rendered":"Sweat \u00e0 capuche Panth\u00e8re taille L"},"content":{"rendered":"<p>Sweat femme cousu en France dans un tissu sweat imprim\u00e9 en <strong>Europe<\/strong>.<br \/>\n95% coton biologique et 5% Elasthanne<br \/>\nLe tissu est certifi\u00e9 <strong>GOTS<\/strong>.<\/p>\n<p>Les poignets ainsi que le bas du pull sont r\u00e9alis\u00e9s en bord-c\u00f4te certifi\u00e9s GOTS, ils peuvent se retourner afin de s&rsquo;ajuster au mieux \u00e0 la taille de vos bras.<\/p>\n<p>Vous ne savez pas quelle taille choisir? Rendez vous ici pour le guide des tailles: <a href=\"https:\/\/lafabriquedagathe.fr\/index.php\/guide-des-tailles-femmes\/\">GUIDE DES TAILLES FEMMES<\/a><\/p>\n<p>Si vous ne trouvez pas votre taille n&rsquo;h\u00e9sitez pas \u00e0 me contacter par message.<\/p>\n","protected":false},"excerpt":{"rendered":"<p>Sweat \u00e0 capuche, confortable.<br \/>\nCousu en <strong>France<\/strong>, dans un tissu imprim\u00e9 en <strong>Europe<\/strong> est certifi\u00e9 <strong>GOTS<\/strong>.<\/p>\n<p>95% coton biologique, 5% Elasthanne.<\/p>\n<p>&nbsp;<\/p>\n<p> <a class=\"continue-reading-link\" href=\"https:\/\/lafabriquedagathe.fr\/index.php\/produit\/sweat-a-capuche-panthere-taille-l\/\"><span>Continue reading<\/span><i class=\"crycon-right-dir\"><\/i><\/a> <\/p>\n","protected":false},"featured_media":8191,"comment_status":"open","ping_status":"closed","template":"","meta":[],"product_brand":[],"product_cat":[140],"product_tag":[],"class_list":{"0":"post-8189","1":"product","2":"type-product","3":"status-publish","4":"has-post-thumbnail","6":"product_cat-creations-femme","8":"first","9":"instock","10":"taxable","11":"shipping-taxable","12":"purchasable","13":"product-type-variable"},"yoast_head":"<!-- This site is optimized with the Yoast SEO plugin v27.1.1 - https:\/\/yoast.com\/product\/yoast-seo-wordpress\/ -->\n<title>Sweat \u00e0 capuche Panth\u00e8re taille L - Sarouels et v\u00eatements \u00e9volutifs pour enfant en coton bio!<\/title>\n<meta name=\"description\" content=\"sweat \u00e0 capuche pour femme, cousu en France dans un tissu en coton biologique certifi\u00e9 GOTS en provenance d&#039;Allemagne. Disponible du XS au XXL\" \/>\n<meta name=\"robots\" content=\"index, follow, max-snippet:-1, max-image-preview:large, max-video-preview:-1\" \/>\n<link rel=\"canonical\" href=\"https:\/\/lafabriquedagathe.fr\/index.php\/produit\/sweat-a-capuche-panthere-taille-l\/\" \/>\n<meta property=\"og:locale\" content=\"fr_FR\" \/>\n<meta property=\"og:type\" content=\"article\" \/>\n<meta property=\"og:title\" content=\"Sweat \u00e0 capuche Panth\u00e8re taille L - Sarouels et v\u00eatements \u00e9volutifs pour enfant en coton bio!\" \/>\n<meta property=\"og:description\" content=\"sweat \u00e0 capuche pour femme, cousu en France dans un tissu en coton biologique certifi\u00e9 GOTS en provenance d&#039;Allemagne. Disponible du XS au XXL\" \/>\n<meta property=\"og:url\" content=\"https:\/\/lafabriquedagathe.fr\/index.php\/produit\/sweat-a-capuche-panthere-taille-l\/\" \/>\n<meta property=\"og:site_name\" content=\"Sarouels et v\u00eatements \u00e9volutifs pour enfant en coton bio!\" \/>\n<meta property=\"article:publisher\" content=\"https:\/\/www.facebook.com\/lafabriquedagathe\" \/>\n<meta property=\"article:modified_time\" content=\"2026-02-13T13:27:55+00:00\" \/>\n<meta property=\"og:image\" content=\"https:\/\/lafabriquedagathe.fr\/wp-content\/uploads\/2026\/02\/PXL_20260209_1501251742.jpg\" \/>\n\t<meta property=\"og:image:width\" content=\"918\" \/>\n\t<meta property=\"og:image:height\" content=\"918\" \/>\n\t<meta property=\"og:image:type\" content=\"image\/jpeg\" \/>\n<meta name=\"twitter:card\" content=\"summary_large_image\" \/>\n<meta name=\"twitter:label1\" content=\"Dur\u00e9e de lecture estim\u00e9e\" \/>\n\t<meta name=\"twitter:data1\" content=\"1 minute\" \/>\n<script type=\"application\/ld+json\" class=\"yoast-schema-graph\">{\"@context\":\"https:\/\/schema.org\",\"@graph\":[{\"@type\":\"WebPage\",\"@id\":\"https:\/\/lafabriquedagathe.fr\/index.php\/produit\/sweat-a-capuche-panthere-taille-l\/\",\"url\":\"https:\/\/lafabriquedagathe.fr\/index.php\/produit\/sweat-a-capuche-panthere-taille-l\/\",\"name\":\"Sweat \u00e0 capuche Panth\u00e8re taille L - Sarouels et v\u00eatements \u00e9volutifs pour enfant en coton bio!\",\"isPartOf\":{\"@id\":\"https:\/\/lafabriquedagathe.fr\/#website\"},\"primaryImageOfPage\":{\"@id\":\"https:\/\/lafabriquedagathe.fr\/index.php\/produit\/sweat-a-capuche-panthere-taille-l\/#primaryimage\"},\"image\":{\"@id\":\"https:\/\/lafabriquedagathe.fr\/index.php\/produit\/sweat-a-capuche-panthere-taille-l\/#primaryimage\"},\"thumbnailUrl\":\"https:\/\/lafabriquedagathe.fr\/wp-content\/uploads\/2026\/02\/PXL_20260209_1501251742.jpg\",\"datePublished\":\"2026-02-13T13:26:57+00:00\",\"dateModified\":\"2026-02-13T13:27:55+00:00\",\"description\":\"sweat \u00e0 capuche pour femme, cousu en France dans un tissu en coton biologique certifi\u00e9 GOTS en provenance d'Allemagne. Disponible du XS au XXL\",\"breadcrumb\":{\"@id\":\"https:\/\/lafabriquedagathe.fr\/index.php\/produit\/sweat-a-capuche-panthere-taille-l\/#breadcrumb\"},\"inLanguage\":\"fr-FR\",\"potentialAction\":[{\"@type\":\"ReadAction\",\"target\":[\"https:\/\/lafabriquedagathe.fr\/index.php\/produit\/sweat-a-capuche-panthere-taille-l\/\"]}]},{\"@type\":\"ImageObject\",\"inLanguage\":\"fr-FR\",\"@id\":\"https:\/\/lafabriquedagathe.fr\/index.php\/produit\/sweat-a-capuche-panthere-taille-l\/#primaryimage\",\"url\":\"https:\/\/lafabriquedagathe.fr\/wp-content\/uploads\/2026\/02\/PXL_20260209_1501251742.jpg\",\"contentUrl\":\"https:\/\/lafabriquedagathe.fr\/wp-content\/uploads\/2026\/02\/PXL_20260209_1501251742.jpg\",\"width\":918,\"height\":918,\"caption\":\"sweat \u00e0 capuche en coton biologique cousu en France\"},{\"@type\":\"BreadcrumbList\",\"@id\":\"https:\/\/lafabriquedagathe.fr\/index.php\/produit\/sweat-a-capuche-panthere-taille-l\/#breadcrumb\",\"itemListElement\":[{\"@type\":\"ListItem\",\"position\":1,\"name\":\"Accueil\",\"item\":\"https:\/\/lafabriquedagathe.fr\/\"},{\"@type\":\"ListItem\",\"position\":2,\"name\":\"Boutique\",\"item\":\"https:\/\/lafabriquedagathe.fr\/index.php\/boutique\/\"},{\"@type\":\"ListItem\",\"position\":3,\"name\":\"Sweat \u00e0 capuche Panth\u00e8re taille L\"}]},{\"@type\":\"WebSite\",\"@id\":\"https:\/\/lafabriquedagathe.fr\/#website\",\"url\":\"https:\/\/lafabriquedagathe.fr\/\",\"name\":\"Sarouels et v\u00eatements \u00e9volutifs pour enfant en coton bio!\",\"description\":\"Pour grandir, jouer et durer.\",\"publisher\":{\"@id\":\"https:\/\/lafabriquedagathe.fr\/#organization\"},\"potentialAction\":[{\"@type\":\"SearchAction\",\"target\":{\"@type\":\"EntryPoint\",\"urlTemplate\":\"https:\/\/lafabriquedagathe.fr\/?s={search_term_string}\"},\"query-input\":{\"@type\":\"PropertyValueSpecification\",\"valueRequired\":true,\"valueName\":\"search_term_string\"}}],\"inLanguage\":\"fr-FR\"},{\"@type\":\"Organization\",\"@id\":\"https:\/\/lafabriquedagathe.fr\/#organization\",\"name\":\"La fabrique d'Agathe\",\"url\":\"https:\/\/lafabriquedagathe.fr\/\",\"logo\":{\"@type\":\"ImageObject\",\"inLanguage\":\"fr-FR\",\"@id\":\"https:\/\/lafabriquedagathe.fr\/#\/schema\/logo\/image\/\",\"url\":\"https:\/\/lafabriquedagathe.fr\/wp-content\/uploads\/2022\/06\/LOGO1ERE-2.jpg\",\"contentUrl\":\"https:\/\/lafabriquedagathe.fr\/wp-content\/uploads\/2022\/06\/LOGO1ERE-2.jpg\",\"width\":350,\"height\":175,\"caption\":\"La fabrique d'Agathe\"},\"image\":{\"@id\":\"https:\/\/lafabriquedagathe.fr\/#\/schema\/logo\/image\/\"},\"sameAs\":[\"https:\/\/www.facebook.com\/lafabriquedagathe\",\"https:\/\/www.instagram.com\/lafabriquedagathe\/\"]}]}<\/script>\n<!-- \/ Yoast SEO plugin. -->","yoast_head_json":{"title":"Sweat \u00e0 capuche Panth\u00e8re taille L - Sarouels et v\u00eatements \u00e9volutifs pour enfant en coton bio!","description":"sweat \u00e0 capuche pour femme, cousu en France dans un tissu en coton biologique certifi\u00e9 GOTS en provenance d'Allemagne. Disponible du XS au XXL","robots":{"index":"index","follow":"follow","max-snippet":"max-snippet:-1","max-image-preview":"max-image-preview:large","max-video-preview":"max-video-preview:-1"},"canonical":"https:\/\/lafabriquedagathe.fr\/index.php\/produit\/sweat-a-capuche-panthere-taille-l\/","og_locale":"fr_FR","og_type":"article","og_title":"Sweat \u00e0 capuche Panth\u00e8re taille L - Sarouels et v\u00eatements \u00e9volutifs pour enfant en coton bio!","og_description":"sweat \u00e0 capuche pour femme, cousu en France dans un tissu en coton biologique certifi\u00e9 GOTS en provenance d'Allemagne. Disponible du XS au XXL","og_url":"https:\/\/lafabriquedagathe.fr\/index.php\/produit\/sweat-a-capuche-panthere-taille-l\/","og_site_name":"Sarouels et v\u00eatements \u00e9volutifs pour enfant en coton bio!","article_publisher":"https:\/\/www.facebook.com\/lafabriquedagathe","article_modified_time":"2026-02-13T13:27:55+00:00","og_image":[{"width":918,"height":918,"url":"https:\/\/lafabriquedagathe.fr\/wp-content\/uploads\/2026\/02\/PXL_20260209_1501251742.jpg","type":"image\/jpeg"}],"twitter_card":"summary_large_image","twitter_misc":{"Dur\u00e9e de lecture estim\u00e9e":"1 minute"},"schema":{"@context":"https:\/\/schema.org","@graph":[{"@type":"WebPage","@id":"https:\/\/lafabriquedagathe.fr\/index.php\/produit\/sweat-a-capuche-panthere-taille-l\/","url":"https:\/\/lafabriquedagathe.fr\/index.php\/produit\/sweat-a-capuche-panthere-taille-l\/","name":"Sweat \u00e0 capuche Panth\u00e8re taille L - Sarouels et v\u00eatements \u00e9volutifs pour enfant en coton bio!","isPartOf":{"@id":"https:\/\/lafabriquedagathe.fr\/#website"},"primaryImageOfPage":{"@id":"https:\/\/lafabriquedagathe.fr\/index.php\/produit\/sweat-a-capuche-panthere-taille-l\/#primaryimage"},"image":{"@id":"https:\/\/lafabriquedagathe.fr\/index.php\/produit\/sweat-a-capuche-panthere-taille-l\/#primaryimage"},"thumbnailUrl":"https:\/\/lafabriquedagathe.fr\/wp-content\/uploads\/2026\/02\/PXL_20260209_1501251742.jpg","datePublished":"2026-02-13T13:26:57+00:00","dateModified":"2026-02-13T13:27:55+00:00","description":"sweat \u00e0 capuche pour femme, cousu en France dans un tissu en coton biologique certifi\u00e9 GOTS en provenance d'Allemagne. Disponible du XS au XXL","breadcrumb":{"@id":"https:\/\/lafabriquedagathe.fr\/index.php\/produit\/sweat-a-capuche-panthere-taille-l\/#breadcrumb"},"inLanguage":"fr-FR","potentialAction":[{"@type":"ReadAction","target":["https:\/\/lafabriquedagathe.fr\/index.php\/produit\/sweat-a-capuche-panthere-taille-l\/"]}]},{"@type":"ImageObject","inLanguage":"fr-FR","@id":"https:\/\/lafabriquedagathe.fr\/index.php\/produit\/sweat-a-capuche-panthere-taille-l\/#primaryimage","url":"https:\/\/lafabriquedagathe.fr\/wp-content\/uploads\/2026\/02\/PXL_20260209_1501251742.jpg","contentUrl":"https:\/\/lafabriquedagathe.fr\/wp-content\/uploads\/2026\/02\/PXL_20260209_1501251742.jpg","width":918,"height":918,"caption":"sweat \u00e0 capuche en coton biologique cousu en France"},{"@type":"BreadcrumbList","@id":"https:\/\/lafabriquedagathe.fr\/index.php\/produit\/sweat-a-capuche-panthere-taille-l\/#breadcrumb","itemListElement":[{"@type":"ListItem","position":1,"name":"Accueil","item":"https:\/\/lafabriquedagathe.fr\/"},{"@type":"ListItem","position":2,"name":"Boutique","item":"https:\/\/lafabriquedagathe.fr\/index.php\/boutique\/"},{"@type":"ListItem","position":3,"name":"Sweat \u00e0 capuche Panth\u00e8re taille L"}]},{"@type":"WebSite","@id":"https:\/\/lafabriquedagathe.fr\/#website","url":"https:\/\/lafabriquedagathe.fr\/","name":"Sarouels et v\u00eatements \u00e9volutifs pour enfant en coton bio!","description":"Pour grandir, jouer et durer.","publisher":{"@id":"https:\/\/lafabriquedagathe.fr\/#organization"},"potentialAction":[{"@type":"SearchAction","target":{"@type":"EntryPoint","urlTemplate":"https:\/\/lafabriquedagathe.fr\/?s={search_term_string}"},"query-input":{"@type":"PropertyValueSpecification","valueRequired":true,"valueName":"search_term_string"}}],"inLanguage":"fr-FR"},{"@type":"Organization","@id":"https:\/\/lafabriquedagathe.fr\/#organization","name":"La fabrique d'Agathe","url":"https:\/\/lafabriquedagathe.fr\/","logo":{"@type":"ImageObject","inLanguage":"fr-FR","@id":"https:\/\/lafabriquedagathe.fr\/#\/schema\/logo\/image\/","url":"https:\/\/lafabriquedagathe.fr\/wp-content\/uploads\/2022\/06\/LOGO1ERE-2.jpg","contentUrl":"https:\/\/lafabriquedagathe.fr\/wp-content\/uploads\/2022\/06\/LOGO1ERE-2.jpg","width":350,"height":175,"caption":"La fabrique d'Agathe"},"image":{"@id":"https:\/\/lafabriquedagathe.fr\/#\/schema\/logo\/image\/"},"sameAs":["https:\/\/www.facebook.com\/lafabriquedagathe","https:\/\/www.instagram.com\/lafabriquedagathe\/"]}]}},"_links":{"self":[{"href":"https:\/\/lafabriquedagathe.fr\/index.php\/wp-json\/wp\/v2\/product\/8189","targetHints":{"allow":["GET"]}}],"collection":[{"href":"https:\/\/lafabriquedagathe.fr\/index.php\/wp-json\/wp\/v2\/product"}],"about":[{"href":"https:\/\/lafabriquedagathe.fr\/index.php\/wp-json\/wp\/v2\/types\/product"}],"replies":[{"embeddable":true,"href":"https:\/\/lafabriquedagathe.fr\/index.php\/wp-json\/wp\/v2\/comments?post=8189"}],"wp:featuredmedia":[{"embeddable":true,"href":"https:\/\/lafabriquedagathe.fr\/index.php\/wp-json\/wp\/v2\/media\/8191"}],"wp:attachment":[{"href":"https:\/\/lafabriquedagathe.fr\/index.php\/wp-json\/wp\/v2\/media?parent=8189"}],"wp:term":[{"taxonomy":"product_brand","embeddable":true,"href":"https:\/\/lafabriquedagathe.fr\/index.php\/wp-json\/wp\/v2\/product_brand?post=8189"},{"taxonomy":"product_cat","embeddable":true,"href":"https:\/\/lafabriquedagathe.fr\/index.php\/wp-json\/wp\/v2\/product_cat?post=8189"},{"taxonomy":"product_tag","embeddable":true,"href":"https:\/\/lafabriquedagathe.fr\/index.php\/wp-json\/wp\/v2\/product_tag?post=8189"}],"curies":[{"name":"wp","href":"https:\/\/api.w.org\/{rel}","templated":true}]}}