{"id":8278,"date":"2026-03-01T16:59:19","date_gmt":"2026-03-01T15:59:19","guid":{"rendered":"https:\/\/lafabriquedagathe.fr\/?post_type=product&#038;p=8278"},"modified":"2026-03-01T19:21:41","modified_gmt":"2026-03-01T18:21:41","slug":"sweat-paillete-noir","status":"publish","type":"product","link":"https:\/\/lafabriquedagathe.fr\/index.php\/produit\/sweat-paillete-noir\/","title":{"rendered":"Sweat paillet\u00e9 Noir"},"content":{"rendered":"<h2 data-start=\"157\" data-end=\"210\">Sweat femme maille paillet\u00e9e \u2013 Confort &amp; lumi\u00e8re \u2728<\/h2>\n<p data-start=\"212\" data-end=\"286\">Un sweat pens\u00e9 pour celles qui aiment la douceur\u2026 avec une pointe d\u2019\u00e9clat.<\/p>\n<p data-start=\"288\" data-end=\"494\">Sa maille souple et confortable est d\u00e9licatement travers\u00e9e de fils paillet\u00e9s qui captent la lumi\u00e8re tout en subtilit\u00e9.<br data-start=\"406\" data-end=\"409\" \/>Un v\u00eatement facile \u00e0 porter, qui apporte juste ce qu\u2019il faut de lumi\u00e8re au quotidien.<\/p>\n<h3 data-start=\"496\" data-end=\"507\">\u2728 Coupe<\/h3>\n<ul data-start=\"509\" data-end=\"608\">\n<li data-start=\"509\" data-end=\"556\">\n<p data-start=\"511\" data-end=\"556\">Coupe over size, ample et ultra confortable<\/p>\n<\/li>\n<li data-start=\"557\" data-end=\"576\">\n<p data-start=\"559\" data-end=\"576\">Manches longues<\/p>\n<\/li>\n<li data-start=\"577\" data-end=\"608\">\n<p data-start=\"579\" data-end=\"608\">Tomb\u00e9 fluide et enveloppant<\/p>\n<\/li>\n<\/ul>\n<p data-start=\"610\" data-end=\"637\">Deux longueurs au choix :<\/p>\n<ul data-start=\"638\" data-end=\"743\">\n<li data-start=\"638\" data-end=\"695\">\n<p data-start=\"640\" data-end=\"695\"><strong data-start=\"640\" data-end=\"658\">Version courte<\/strong> : l\u00e9g\u00e8rement au-dessus des hanches<\/p>\n<\/li>\n<li data-start=\"696\" data-end=\"743\">\n<p data-start=\"698\" data-end=\"743\"><strong data-start=\"698\" data-end=\"716\">Version longue<\/strong> : en dessous des hanches<\/p>\n<\/li>\n<\/ul>\n<p data-start=\"745\" data-end=\"860\">Choisissez votre taille habituelle.<br data-start=\"780\" data-end=\"783\" \/>En cas de doute, n\u2019h\u00e9sitez pas \u00e0 me contacter, je vous guiderai avec plaisir.<\/p>\n<h3 data-start=\"862\" data-end=\"879\">\u2728 Composition<\/h3>\n<p data-start=\"881\" data-end=\"949\">84 % coton biologique<br data-start=\"902\" data-end=\"905\" \/>8 % polyester<br data-start=\"918\" data-end=\"921\" \/>6 % lurex<br data-start=\"930\" data-end=\"933\" \/>2 % \u00e9lasthanne<\/p>\n<p data-start=\"951\" data-end=\"1050\">Une mati\u00e8re douce, confortable et l\u00e9g\u00e8rement extensible pour un tomb\u00e9 naturel et agr\u00e9able \u00e0 porter.<\/p>\n<h3 data-start=\"1052\" data-end=\"1067\">\u2728 Entretien<\/h3>\n<p data-start=\"1069\" data-end=\"1124\">Pour pr\u00e9server l\u2019\u00e9clat et la douceur de votre sweat :<\/p>\n<ul data-start=\"1125\" data-end=\"1208\">\n<li data-start=\"1125\" data-end=\"1147\">\n<p data-start=\"1127\" data-end=\"1147\">Laver sur l\u2019envers<\/p>\n<\/li>\n<li data-start=\"1148\" data-end=\"1180\">\n<p data-start=\"1150\" data-end=\"1180\">Lavage possible jusqu\u2019\u00e0 40\u00b0C<\/p>\n<\/li>\n<li data-start=\"1181\" data-end=\"1208\">\n<p data-start=\"1183\" data-end=\"1208\">S\u00e9chage doux recommand\u00e9<\/p>\n<\/li>\n<\/ul>\n","protected":false},"excerpt":{"rendered":"<p>Sweat oversize en coton bio, fils paillet\u00e9s discrets.<\/p>\n<p>Disponible en deux longueurs.<\/p>\n<p> <a class=\"continue-reading-link\" href=\"https:\/\/lafabriquedagathe.fr\/index.php\/produit\/sweat-paillete-noir\/\"><span>Continue reading<\/span><i class=\"crycon-right-dir\"><\/i><\/a> <\/p>\n","protected":false},"featured_media":8291,"comment_status":"open","ping_status":"closed","template":"","meta":[],"product_brand":[],"product_cat":[142],"product_tag":[],"class_list":{"0":"post-8278","1":"product","2":"type-product","3":"status-publish","4":"has-post-thumbnail","6":"product_cat-sweat-paillete","8":"first","9":"instock","10":"taxable","11":"shipping-taxable","12":"purchasable","13":"product-type-variable"},"yoast_head":"<!-- This site is optimized with the Yoast SEO plugin v27.1.1 - https:\/\/yoast.com\/product\/yoast-seo-wordpress\/ -->\n<title>Sweat paillet\u00e9 Noir - Sarouels et v\u00eatements \u00e9volutifs pour enfant en coton bio!<\/title>\n<meta name=\"robots\" content=\"index, follow, max-snippet:-1, max-image-preview:large, max-video-preview:-1\" \/>\n<link rel=\"canonical\" href=\"https:\/\/lafabriquedagathe.fr\/index.php\/produit\/sweat-paillete-noir\/\" \/>\n<meta property=\"og:locale\" content=\"fr_FR\" \/>\n<meta property=\"og:type\" content=\"article\" \/>\n<meta property=\"og:title\" content=\"Sweat paillet\u00e9 Noir - Sarouels et v\u00eatements \u00e9volutifs pour enfant en coton bio!\" \/>\n<meta property=\"og:description\" content=\"Sweat oversize en coton bio, fils paillet\u00e9s discrets.  Disponible en deux longueurs. Continue reading\" \/>\n<meta property=\"og:url\" content=\"https:\/\/lafabriquedagathe.fr\/index.php\/produit\/sweat-paillete-noir\/\" \/>\n<meta property=\"og:site_name\" content=\"Sarouels et v\u00eatements \u00e9volutifs pour enfant en coton bio!\" \/>\n<meta property=\"article:publisher\" content=\"https:\/\/www.facebook.com\/lafabriquedagathe\" \/>\n<meta property=\"article:modified_time\" content=\"2026-03-01T18:21:41+00:00\" \/>\n<meta property=\"og:image\" content=\"https:\/\/lafabriquedagathe.fr\/wp-content\/uploads\/2026\/03\/PXL_20260225_0951475602.jpg\" \/>\n\t<meta property=\"og:image:width\" content=\"918\" \/>\n\t<meta property=\"og:image:height\" content=\"918\" \/>\n\t<meta property=\"og:image:type\" content=\"image\/jpeg\" \/>\n<meta name=\"twitter:card\" content=\"summary_large_image\" \/>\n<meta name=\"twitter:label1\" content=\"Dur\u00e9e de lecture estim\u00e9e\" \/>\n\t<meta name=\"twitter:data1\" content=\"1 minute\" \/>\n<script type=\"application\/ld+json\" class=\"yoast-schema-graph\">{\"@context\":\"https:\/\/schema.org\",\"@graph\":[{\"@type\":\"WebPage\",\"@id\":\"https:\/\/lafabriquedagathe.fr\/index.php\/produit\/sweat-paillete-noir\/\",\"url\":\"https:\/\/lafabriquedagathe.fr\/index.php\/produit\/sweat-paillete-noir\/\",\"name\":\"Sweat paillet\u00e9 Noir - Sarouels et v\u00eatements \u00e9volutifs pour enfant en coton bio!\",\"isPartOf\":{\"@id\":\"https:\/\/lafabriquedagathe.fr\/#website\"},\"primaryImageOfPage\":{\"@id\":\"https:\/\/lafabriquedagathe.fr\/index.php\/produit\/sweat-paillete-noir\/#primaryimage\"},\"image\":{\"@id\":\"https:\/\/lafabriquedagathe.fr\/index.php\/produit\/sweat-paillete-noir\/#primaryimage\"},\"thumbnailUrl\":\"https:\/\/lafabriquedagathe.fr\/wp-content\/uploads\/2026\/03\/PXL_20260225_0951475602.jpg\",\"datePublished\":\"2026-03-01T15:59:19+00:00\",\"dateModified\":\"2026-03-01T18:21:41+00:00\",\"breadcrumb\":{\"@id\":\"https:\/\/lafabriquedagathe.fr\/index.php\/produit\/sweat-paillete-noir\/#breadcrumb\"},\"inLanguage\":\"fr-FR\",\"potentialAction\":[{\"@type\":\"ReadAction\",\"target\":[\"https:\/\/lafabriquedagathe.fr\/index.php\/produit\/sweat-paillete-noir\/\"]}]},{\"@type\":\"ImageObject\",\"inLanguage\":\"fr-FR\",\"@id\":\"https:\/\/lafabriquedagathe.fr\/index.php\/produit\/sweat-paillete-noir\/#primaryimage\",\"url\":\"https:\/\/lafabriquedagathe.fr\/wp-content\/uploads\/2026\/03\/PXL_20260225_0951475602.jpg\",\"contentUrl\":\"https:\/\/lafabriquedagathe.fr\/wp-content\/uploads\/2026\/03\/PXL_20260225_0951475602.jpg\",\"width\":918,\"height\":918},{\"@type\":\"BreadcrumbList\",\"@id\":\"https:\/\/lafabriquedagathe.fr\/index.php\/produit\/sweat-paillete-noir\/#breadcrumb\",\"itemListElement\":[{\"@type\":\"ListItem\",\"position\":1,\"name\":\"Accueil\",\"item\":\"https:\/\/lafabriquedagathe.fr\/\"},{\"@type\":\"ListItem\",\"position\":2,\"name\":\"Boutique\",\"item\":\"https:\/\/lafabriquedagathe.fr\/index.php\/boutique\/\"},{\"@type\":\"ListItem\",\"position\":3,\"name\":\"Sweat paillet\u00e9 Noir\"}]},{\"@type\":\"WebSite\",\"@id\":\"https:\/\/lafabriquedagathe.fr\/#website\",\"url\":\"https:\/\/lafabriquedagathe.fr\/\",\"name\":\"Sarouels et v\u00eatements \u00e9volutifs pour enfant en coton bio!\",\"description\":\"Pour grandir, jouer et durer.\",\"publisher\":{\"@id\":\"https:\/\/lafabriquedagathe.fr\/#organization\"},\"potentialAction\":[{\"@type\":\"SearchAction\",\"target\":{\"@type\":\"EntryPoint\",\"urlTemplate\":\"https:\/\/lafabriquedagathe.fr\/?s={search_term_string}\"},\"query-input\":{\"@type\":\"PropertyValueSpecification\",\"valueRequired\":true,\"valueName\":\"search_term_string\"}}],\"inLanguage\":\"fr-FR\"},{\"@type\":\"Organization\",\"@id\":\"https:\/\/lafabriquedagathe.fr\/#organization\",\"name\":\"La fabrique d'Agathe\",\"url\":\"https:\/\/lafabriquedagathe.fr\/\",\"logo\":{\"@type\":\"ImageObject\",\"inLanguage\":\"fr-FR\",\"@id\":\"https:\/\/lafabriquedagathe.fr\/#\/schema\/logo\/image\/\",\"url\":\"https:\/\/lafabriquedagathe.fr\/wp-content\/uploads\/2022\/06\/LOGO1ERE-2.jpg\",\"contentUrl\":\"https:\/\/lafabriquedagathe.fr\/wp-content\/uploads\/2022\/06\/LOGO1ERE-2.jpg\",\"width\":350,\"height\":175,\"caption\":\"La fabrique d'Agathe\"},\"image\":{\"@id\":\"https:\/\/lafabriquedagathe.fr\/#\/schema\/logo\/image\/\"},\"sameAs\":[\"https:\/\/www.facebook.com\/lafabriquedagathe\",\"https:\/\/www.instagram.com\/lafabriquedagathe\/\"]}]}<\/script>\n<!-- \/ Yoast SEO plugin. -->","yoast_head_json":{"title":"Sweat paillet\u00e9 Noir - Sarouels et v\u00eatements \u00e9volutifs pour enfant en coton bio!","robots":{"index":"index","follow":"follow","max-snippet":"max-snippet:-1","max-image-preview":"max-image-preview:large","max-video-preview":"max-video-preview:-1"},"canonical":"https:\/\/lafabriquedagathe.fr\/index.php\/produit\/sweat-paillete-noir\/","og_locale":"fr_FR","og_type":"article","og_title":"Sweat paillet\u00e9 Noir - Sarouels et v\u00eatements \u00e9volutifs pour enfant en coton bio!","og_description":"Sweat oversize en coton bio, fils paillet\u00e9s discrets.  Disponible en deux longueurs. Continue reading","og_url":"https:\/\/lafabriquedagathe.fr\/index.php\/produit\/sweat-paillete-noir\/","og_site_name":"Sarouels et v\u00eatements \u00e9volutifs pour enfant en coton bio!","article_publisher":"https:\/\/www.facebook.com\/lafabriquedagathe","article_modified_time":"2026-03-01T18:21:41+00:00","og_image":[{"width":918,"height":918,"url":"https:\/\/lafabriquedagathe.fr\/wp-content\/uploads\/2026\/03\/PXL_20260225_0951475602.jpg","type":"image\/jpeg"}],"twitter_card":"summary_large_image","twitter_misc":{"Dur\u00e9e de lecture estim\u00e9e":"1 minute"},"schema":{"@context":"https:\/\/schema.org","@graph":[{"@type":"WebPage","@id":"https:\/\/lafabriquedagathe.fr\/index.php\/produit\/sweat-paillete-noir\/","url":"https:\/\/lafabriquedagathe.fr\/index.php\/produit\/sweat-paillete-noir\/","name":"Sweat paillet\u00e9 Noir - Sarouels et v\u00eatements \u00e9volutifs pour enfant en coton bio!","isPartOf":{"@id":"https:\/\/lafabriquedagathe.fr\/#website"},"primaryImageOfPage":{"@id":"https:\/\/lafabriquedagathe.fr\/index.php\/produit\/sweat-paillete-noir\/#primaryimage"},"image":{"@id":"https:\/\/lafabriquedagathe.fr\/index.php\/produit\/sweat-paillete-noir\/#primaryimage"},"thumbnailUrl":"https:\/\/lafabriquedagathe.fr\/wp-content\/uploads\/2026\/03\/PXL_20260225_0951475602.jpg","datePublished":"2026-03-01T15:59:19+00:00","dateModified":"2026-03-01T18:21:41+00:00","breadcrumb":{"@id":"https:\/\/lafabriquedagathe.fr\/index.php\/produit\/sweat-paillete-noir\/#breadcrumb"},"inLanguage":"fr-FR","potentialAction":[{"@type":"ReadAction","target":["https:\/\/lafabriquedagathe.fr\/index.php\/produit\/sweat-paillete-noir\/"]}]},{"@type":"ImageObject","inLanguage":"fr-FR","@id":"https:\/\/lafabriquedagathe.fr\/index.php\/produit\/sweat-paillete-noir\/#primaryimage","url":"https:\/\/lafabriquedagathe.fr\/wp-content\/uploads\/2026\/03\/PXL_20260225_0951475602.jpg","contentUrl":"https:\/\/lafabriquedagathe.fr\/wp-content\/uploads\/2026\/03\/PXL_20260225_0951475602.jpg","width":918,"height":918},{"@type":"BreadcrumbList","@id":"https:\/\/lafabriquedagathe.fr\/index.php\/produit\/sweat-paillete-noir\/#breadcrumb","itemListElement":[{"@type":"ListItem","position":1,"name":"Accueil","item":"https:\/\/lafabriquedagathe.fr\/"},{"@type":"ListItem","position":2,"name":"Boutique","item":"https:\/\/lafabriquedagathe.fr\/index.php\/boutique\/"},{"@type":"ListItem","position":3,"name":"Sweat paillet\u00e9 Noir"}]},{"@type":"WebSite","@id":"https:\/\/lafabriquedagathe.fr\/#website","url":"https:\/\/lafabriquedagathe.fr\/","name":"Sarouels et v\u00eatements \u00e9volutifs pour enfant en coton bio!","description":"Pour grandir, jouer et durer.","publisher":{"@id":"https:\/\/lafabriquedagathe.fr\/#organization"},"potentialAction":[{"@type":"SearchAction","target":{"@type":"EntryPoint","urlTemplate":"https:\/\/lafabriquedagathe.fr\/?s={search_term_string}"},"query-input":{"@type":"PropertyValueSpecification","valueRequired":true,"valueName":"search_term_string"}}],"inLanguage":"fr-FR"},{"@type":"Organization","@id":"https:\/\/lafabriquedagathe.fr\/#organization","name":"La fabrique d'Agathe","url":"https:\/\/lafabriquedagathe.fr\/","logo":{"@type":"ImageObject","inLanguage":"fr-FR","@id":"https:\/\/lafabriquedagathe.fr\/#\/schema\/logo\/image\/","url":"https:\/\/lafabriquedagathe.fr\/wp-content\/uploads\/2022\/06\/LOGO1ERE-2.jpg","contentUrl":"https:\/\/lafabriquedagathe.fr\/wp-content\/uploads\/2022\/06\/LOGO1ERE-2.jpg","width":350,"height":175,"caption":"La fabrique d'Agathe"},"image":{"@id":"https:\/\/lafabriquedagathe.fr\/#\/schema\/logo\/image\/"},"sameAs":["https:\/\/www.facebook.com\/lafabriquedagathe","https:\/\/www.instagram.com\/lafabriquedagathe\/"]}]}},"_links":{"self":[{"href":"https:\/\/lafabriquedagathe.fr\/index.php\/wp-json\/wp\/v2\/product\/8278","targetHints":{"allow":["GET"]}}],"collection":[{"href":"https:\/\/lafabriquedagathe.fr\/index.php\/wp-json\/wp\/v2\/product"}],"about":[{"href":"https:\/\/lafabriquedagathe.fr\/index.php\/wp-json\/wp\/v2\/types\/product"}],"replies":[{"embeddable":true,"href":"https:\/\/lafabriquedagathe.fr\/index.php\/wp-json\/wp\/v2\/comments?post=8278"}],"wp:featuredmedia":[{"embeddable":true,"href":"https:\/\/lafabriquedagathe.fr\/index.php\/wp-json\/wp\/v2\/media\/8291"}],"wp:attachment":[{"href":"https:\/\/lafabriquedagathe.fr\/index.php\/wp-json\/wp\/v2\/media?parent=8278"}],"wp:term":[{"taxonomy":"product_brand","embeddable":true,"href":"https:\/\/lafabriquedagathe.fr\/index.php\/wp-json\/wp\/v2\/product_brand?post=8278"},{"taxonomy":"product_cat","embeddable":true,"href":"https:\/\/lafabriquedagathe.fr\/index.php\/wp-json\/wp\/v2\/product_cat?post=8278"},{"taxonomy":"product_tag","embeddable":true,"href":"https:\/\/lafabriquedagathe.fr\/index.php\/wp-json\/wp\/v2\/product_tag?post=8278"}],"curies":[{"name":"wp","href":"https:\/\/api.w.org\/{rel}","templated":true}]}}